9*m = 3661. Determine k(m).
-3
Suppose -2*p = -3*b + 19, 0 = 3*b + 58*p - 56*p - 47. Let z(i) = -i**2 + 16*i - 22. Determine z(b).
33
Suppose -3*z + 9 = 3. Let j(r) = 3 - 2*r + r + 39*r**z - 40*r**2. Let v be j(-2). Let m(d) = -d**3 - d**2. What is m(v)?
-2
Let n(s) = -7*s - 24. Let j(c) = -16*c - 50. Suppose -3*v - 20 = 5*a + 2*v, 3*a + 28 = 5*v. Let w(p) = a*j(p) + 14*n(p). Calculate w(-15).
-6
Let l(t) = t**2 + 5 - 2*t + 3*t - 6*t + 4. Suppose -149 = -22*z - 83. Calculate l(z).
3
Let p(r) = -12*r + 3. Let q(d) = -d**3 - 2*d + 1. Let c be q(0). Determine p(c).
-9
Let c(k) = k**3 + 27*k**2 - 9*k - 11. Let r(z) = 2*z**3 + 63*z**2 - 22*z - 21. Let w(l) = -5*c(l) + 2*r(l). Calculate w(-9).
4
Let b(o) = o**2 + 3*o - 49. Let f = -10870 - -10861. Calculate b(f).
5
Let v(g) = g**2 + 7*g + 7. Suppose -c + 91 = -0*c. Let x = 608 - 610. Let l be (-520)/c + x/7. Determine v(l).
1
Let t(m) = -m + 1. Let q(l) = 14*l - 97. Let g(v) = q(v) + 4*t(v). Let b be g(10). Let p(s) = 3*s - 8. Give p(b).
13
Suppose 5*s - 3*a + 10 = a, -s - 13 = -3*a. Let k(d) = -38 + 17 - d**s + 9*d - 10*d + 18. Calculate k(-2).
-5
Let h(f) = -188 + 33 - 24*f - 101 - 5*f. Give h(-9).
5
Let s(b) = -8*b**2 - 10 - 7*b**2 + 15 - 10 + 12*b**2. Calculate s(2).
-17
Let p(t) = 2*t**2 + 49*t - 85. Let g be p(-26). Let a be (4 + -6)*(7 + g/14). Let i(o) = o**3 + 14*o**2 + 11*o - 15. Determine i(a).
11
Let l(x) = -2*x + 28. Let g(h) = 2*h**2 - 4*h - 658. Let u be g(-17). What is l(u)?
52
Let s(b) = -b - 2. Suppose -2 = 11*t - 2. Let g be (t/9 - 7) + -2. Determine s(g).
7
Let b(f) = -191*f + 576*f + 9 + 13 - 194*f - 185*f. What is b(-5)?
-8
Let n(l) be the third derivative of -l**6/8 + l**4/12 + l**3/6 - 2*l**2 - 120*l. Calculate n(-1).
14
Let q(l) = -52*l - 47. Let t(f) = 23*f + 23. Let s(c) = 4*q(c) + 9*t(c). Suppose 5*r = j - 21, -2*j - 5*r - 4 = -1. Give s(j).
13
Let c(h) = 25*h - 13*h - 15*h. Suppose 0*k = -5*k - 4*l - 25, -5*l - 27 = 2*k. Let y be 15/(-2 + k)*-1. Calculate c(y).
-15
Let g(r) = r**3 - 8*r + 10. Let n = 5384 - 5382. What is g(n)?
2
Let w(t) = -t + 3. Let p(m) = -m + 3. Let d(l) = -3*p(l) + 4*w(l). Let i(s) = s**3 - 3*s**2 - 5*s + 8. Let c be 8/(-6) - (-496)/93. Let q be i(c). What is d(q)?
-1
Let s = 16 + -10. Let q(a) = 17*a - 147 - 151 + 286. Let t(w) = -27*w + 18. Let l(y) = -8*q(y) - 5*t(y). Calculate l(s).
0
Let n(f) = -3*f**3 + 2*f**3 - 6 - 9*f + 8*f**2 + 4*f**3 + f**3 - 2*f**3 - f**3. Suppose 2*h + 6 = -12. Determine n(h).
-6
Let a(v) = -21*v - 29. Let i(j) = -61*j - 77. Let q(c) = 11*a(c) - 4*i(c). Determine q(-8).
-115
Let v be ((-3168)/256 - -6) + (-15)/24. Let o(y) = -4*y + 6. Let c(l) = -3*l + 7. Let p(w) = -6*c(w) + 5*o(w). What is p(v)?
2
Suppose 0 = -70*k + 224 + 59 + 67. Let c(m) = -2*m - 7. Let y(f) = f + 8. Let i(n) = 5*c(n) + 4*y(n). Calculate i(k).
-33
Let p(w) = w - 20. Let c be 5 + (-12 - -3) - (-10)/(-2). What is p(c)?
-29
Let j(g) be the second derivative of g**8/6720 - g**7/2520 - g**5/12 - g**4/3 + 3*g**2/2 - 25*g. Let u(r) be the third derivative of j(r). Calculate u(0).
-10
Let b(z) = -3*z**2 - 3*z. Let q be (-1)/((2/(-46))/(-1)). Let g(p) = p**2 - 11*p + 9. Let c be g(12). Let i = q + c. Determine b(i).
-6
Let j(o) be the first derivative of o**4/4 - 7*o**3/3 + o**2/2 + 4*o - 4. Suppose -x = -25*x + 168. What is j(x)?
11
Let c(s) = 5*s**2 - 30*s + 33. Let y(j) = -3*j**2 + 25*j - 33. Let k(z) = -2*c(z) - 3*y(z). Determine k(2).
-1
Let w be (-1090)/(-50) + 8/(-10). Let i(b) = b**3 - 2*b**3 + 0*b**3 + 25*b**2 - w*b**2 + 5*b. What is i(5)?
0
Let v = 519 + -514. Let w(p) = p**2 - p - 10. Determine w(v).
10
Let i(n) = 4*n**3 - 3*n**2 - 39*n - 2. Let c be i(4). Let b(a) = a**3 - 46*a**2 - 199*a - 54. Calculate b(c).
-4
Let g(c) = -c**2 - 4*c + 6. Let o(z) = 3*z - 2*z + 2*z - 60 + 3*z. Let p be o(9). Determine g(p).
-6
Suppose 3*y + 259 = 241. Let a(g) = g**3 + 7*g**2 + 5*g - 5. Let n be a(y). Let i(v) = -8*v**2 + v - 1. Determine i(n).
-8
Let p(k) = -4 + 9 - 1 + 8 + 4*k. Let m = 18927 - 18937. What is p(m)?
-28
Let z(f) = -f**3 - 22*f**2 - 17*f + 23. Suppose 319*l = 340*l + 441. Calculate z(l).
-61
Let z(v) = -13*v**2 + 25*v + 29. Let k(l) = 3*l**2 - 6*l - 7. Let d(q) = -9*k(q) - 2*z(q). Let u be (-4 - 5)*10*(-5)/30. Suppose 8*f + 28 = u*f. Give d(f).
5
Suppose -x + 28 - 23 = 0. Let a(s) = -2*s**2 + s - 4 - 4 + s**2 + x*s. Let o be 30/4 + 3/(-2). What is a(o)?
-8
Let k(p) = -12*p - 5. Let a(o) = 3*o. Let z(m) = 78*m - 6. Let j(g) = -90*a(g) + 3*z(g). Let t(d) = -2*j(d) + 7*k(d). Determine t(2).
-23
Suppose 0 = -4*h - b + 964, -b = -5*b. Let l = 247 - h. Let m(d) = -d**3 + 8*d**2 - 10*d + 8. What is m(l)?
20
Suppose -3*h - 3 + 1 = -2*k, -k = -2*h. Let p(v) = -v**2 + 8*v + 13. Let m(o) = 3*o**2 - 15*o - 27. Let j(x) = h*m(x) + 5*p(x). What is j(-8)?
-5
Let n(i) = -i + 2*i - 2 + 0*i + 0*i. Let c = 9 - -8. Let o = 10 - c. Calculate n(o).
-9
Let j(t) = t**3 + 8*t**2 - 33*t - 8. Suppose 15*b + 50 = 11*b - 3*x, 5*b - 5*x = -45. Determine j(b).
-8
Let f be (7/56 + 1312/(-256))*(-8)/5. Let i(y) = y**2 - 13*y + 40. Calculate i(f).
0
Let q(w) = -36*w + 49. Suppose -38*s + 54*s = 48. Give q(s).
-59
Suppose -n - 5*k - 3 - 12 = 0, 0 = 2*n + 3*k + 2. Let a(o) = -5 + n - 2*o - 1. Let z(r) = r**2 - 5*r + 1. Let f be z(4). Calculate a(f).
5
Let r(a) = -2*a**3 - 368*a - 6. Let o(p) = -2*p**3 - 398*p - 6. Let q(x) = 12*o(x) - 13*r(x). Determine q(-3).
-72
Let v(f) = 4*f - 28. Let h be v(-12). Let p = -72 - h. Let c(j) = j - 2. Calculate c(p).
2
Let h(q) = q**2 + 10*q - 2. Let c = 112 + -106. Suppose -2*p = 4, l - p = -0*l - c. Give h(l).
-18
Suppose -3*c + 11 = -2*s, 3*c = 2*s - 5*s - 9. Let l(j) be the first derivative of 27*j**2/2 - j - 53553. Give l(c).
26
Let w(p) = p**3 + 6*p**2 + 5*p + 6. Let s(m) = 5*m - 95. Let c = -21 - -39. Let g be s(c). What is w(g)?
6
Let t(j) = -j**2 + 8*j + 17. Suppose -430 = -67*a + 106. Calculate t(a).
17
Suppose -l + 2*z = -12, 5*l - 11 = z + 4. Let b(h) = 3*h - 2 - 1 - 1 - l. Let y(t) = 28*t - 360. Let q be y(13). Give b(q).
6
Let q(y) = -y - 1. Let r(t) = -t**3 - 16*t**2 - 17*t + 20. Let a be r(-15). Suppose 4*o = 10 + a. Let f = -15 + o. What is q(f)?
-1
Suppose 756 - 755 = u. Let q(k) = 8*k**3 + k**2 + 4*k - 4. What is q(u)?
9
Let j(m) = -m + 7. Let i = -22 - -90. Suppose 5*p = -3*x + 144, x - i + 10 = -2*p. Suppose -2*n + g = -12, 0*n + 5*n = 5*g + p. Calculate j(n).
1
Let n(w) = -7*w**2 + w + 1. Let a(b) = 6*b**2 - 2*b + 1. Let l(r) = -a(r) - n(r). What is l(-2)?
0
Let z(a) = -2. Let i(r) = -r**3 - 8*r**2 - 3*r - 39. Let k(v) = -i(v) + 20*z(v). Determine k(-7).
27
Suppose 2 = 2*z - f, -2*f - 4 = -3*z - 2. Let g = 2 - z. Let n(c) = -3*c + g*c - 3*c + 5*c. What is n(-7)?
7
Let d be 0 - (-6 - -2 - -2). Let s(u) = -u**d - 1 + 37*u + 41*u - 81*u. Give s(-3).
-1
Suppose -6*m + 8681 = -5905. Let f(x) = 4 - 4855*x + m*x + 2427*x. Determine f(0).
4
Let l be (18*(-2)/10)/((-8)/20). Let f(r) = -20 - 13*r**2 + 14*r**2 - 5*r + 8 - 3*r. Determine f(l).
-3
Let n(r) = r**2 + 17*r + 74. Let g(b) = 3*b**2 + 54*b + 238. Let y(p) = -2*g(p) + 7*n(p). Determine y(-8).
18
Let n(j) = 8045*j**3 - 3 + 6 - 16031*j**3 - j**2 + 2*j + 8074*j**3. Calculate n(-1).
-88
Let v(d) = -6*d**2 + 50*d + 40. Let f be v(9). Let i(a) = -3*a**3 + 8*a**2 + 6*a - 5. Determine i(f).
-45
Let d be 28/(-21)*(-18)/4. Let l(b) = -4*b + 12. Let i(w) = -9*w + 23. Let u(m) = -2*i(m) + 5*l(m). What is u(d)?
2
Let z be (1 + -3)/((-12)/66). Suppose -10*x + 9 = -z. Let i(l) = 50*l**2 + 44*l**2 - 95*l**x - 3. What is i(0)?
-3
Let u(r) = r**2 - r + 16. Let i(g) = -g**3 + 30 - 257*g + 240*g + 0*g**2 + 16*g**2. Let l be i(15). What is u(l)?
16
Suppose -i + 97 = 78. Suppose -i*o = 6*o - 100. Let z(u) = -5*u + 6. Give z(o).
-14
Let b = 218 - 214. Let y be (-6)/b*1/(12/(-32)). Let o(n) = n + 3 + 1 + 5*n**2 - 1 - n**3 - 5*n. Give o(y).
3
Let g(j) = -39*j**3 + 43*j**2 - 4*j - 5. Let c(x) = -9*x**2 + x + 1. Let v(u) = -5*c(u) - g(u). What is v(1)?
40
Let g(w) be the third derivative of -w**5/60 + w**4/12 - 5*w**3/2 + 5317*w**2. Give g(-5).
-50
Let f(s) = 18*s**2 - 12*s**2 - 7*s**2 - 5*s - 8. Let q be f(-4). Let i(w) be the first derivative of -w**3/3 - 5*w**2/2 + 2*w + 830. What is i(q)?
6
Let o(n) = -17*n**3 - 4*n**2 + 2*n - 13. Let a(k) = -106*k**3 - 23*k**2 + 13*k - 82. Let p(l) = 4*a(l) - 2